ppose -4*k + 5 = -5*k - l, 0 = -5*k + 3*l + 15. Suppose -2*s - 2*z = z - 19, 2*s + z - 9 = k. Suppose 30 = s*j + 3*j. List the prime factors of j.
2, 3
Suppose 0 = -3*q - 0*q + 48. What are the prime factors of q?
2
Let t = 78 - -153. What are the prime factors of t?
3, 7, 11
Suppose -118 - 66 = -2*y + 2*l, -440 = -5*y + l. Suppose -3*k + y = -2*k. Suppose k - 12 = 5*p. List the prime factors of p.
3, 5
What are the prime factors of 296/6 + 18/27?
2, 5
Let i = 22 - 15. What are the prime factors of 21/i*(-28)/(-6)?
2, 7
Let t(m) = 11*m**2 + 10*m + 5. Let z be t(-5). Suppose -6*w + z = -28. List the prime factors of w.
43
Suppose 0 = v - s - 3*s - 19, 9 = 3*v + 4*s. List the prime factors of v.
7
Let m = 8 - 9. Let c = 14 - m. What are the prime factors of c?
3, 5
Suppose 0 = -3*v + 4*m + 85, -m = 3*v - 3*m - 95. List the prime factors of v.
5, 7
Let n(u) = 3*u**3 - 3*u**2 + u - 2. Let m be n(2). Suppose -2*h + m = 2*h. Suppose 5 + h = 2*z. List the prime factors of z.
2
Let x = 402 - 70. What are the prime factors of x?
2, 83
Let k = -94 + 100. What are the prime factors of k?
2, 3
Let r be (-2)/4*(2 - -2). Let j be (11 - 0) + (-4)/r. Suppose 0 = -0*u - u + j. What are the prime factors of u?
13
Suppose 34 = -5*f + 14. Let z(s) = -2*s + 2. Let w be z(4). List the prime factors of -1*(-2)/(f/w).
3
Suppose j + 4*j = -w + 166, j = -4*w + 18. What are the prime factors of j?
2, 17
Let c be (-78)/4*8/6. Let o = 17 + c. Let r = -5 - o. What are the prime factors of r?
2
Let d be 2/(-3) + 12/18. Suppose -2*o - 12 + 52 = d. What are the prime factors of o?
2, 5
Suppose 20 = 3*m - 4*c, 0 = -5*m + c + 4*c + 25. Suppose -4*x + 2*i = -18, 4*x + 0*x + i - 3 = m. List the prime factors of x.
2
Let o(p) = -p**2 - 9*p + 4. List the prime factors of o(-8).
2, 3
Suppose -7*i + 4*y = -2*i - 3, 4*i + 5*y - 27 = 0. Suppose 4*x + i*r = 6*r + 136, 2*r = -x + 34. List the prime factors of x.
2, 17
Let g = -80 + 114. List the prime factors of g.
2, 17
What are the prime factors of (155/2)/(6/24) + -2?
2, 7, 11
Let m = 24 - 11. Suppose 4*c - 16 = 3*j, -c - 2*j + 5 = 12. Suppose p - m = -c. What are the prime factors of p?
2, 3
Let c(b) = -b**2 + 3. Let p be c(0). Suppose 5*d - 204 = 5*m - p*m, -3*d = 2*m - 132. Suppose 2*k + 0*k = d. What are the prime factors of k?
3, 7
Let d(l) = l + 5. Let r be d(-7). Let v = r - -5. What are the prime factors of v?
3
Suppose -4*o + 40 = -8*o. List the prime factors of 201/15 - (-4)/o.
13
Suppose 0 = 4*f + g - 105, -7*f = -4*f - 5*g - 50. Suppose -f = -4*l - l. Suppose -l*d + 0*d = -35. What are the prime factors of d?
7
Let o(h) = -h - 4. Suppose -g + 0*g = 5. Let w be o(g). List the prime factors of 9 - (w - (-3 - -2)).
7
Let t = 17 - 7. Suppose -u - 6 = -2*y, 3*y + 5*u - 12 = t. List the prime factors of y + 1/(-2)*0.
2
Let d(y) = 4 + 2*y + y - 1 - 6*y + y**2. List the prime factors of d(5).
13
Suppose 3*a - 136 = -a. What are the prime factors of a?
2, 17
Suppose -y + 8 = -3*o - 20, -220 = -5*y - 5*o. What are the prime factors of y?
2, 5
Suppose 96 - 176 = -4*k. What are the prime factors of k?
2, 5
Suppose 5*y = -6*y + 2618. List the prime factors of y.
2, 7, 17
Suppose 5*b - 218 = -2*m, -7*m + 3*m + 16 = 0. What are the prime factors of b?
2, 3, 7
Suppose 0 = 5*u + 25, -3*i = u + 40 + 31. Suppose 0 = -15*a + 20*a + 70. Let o = a - i. List the prime factors of o.
2
Let a be -1 + 1 - (7 - -2). Let j = 2 - a. List the prime factors of j.
11
Let d be -2 + (5 - (-1 + 2)). Suppose -d*u = -u. List the prime factors of u + 1 + 1 + 0.
2
Suppose 5*v + 136 = 2*n, -n + 2*v + 66 = -0*v. Let p = n + -16. Suppose k + 29 = 5*d - p, k - 69 = -5*d. What are the prime factors of d?
2, 7
Let i = 3 + 0. Let r = i - -8. Suppose -r = 4*q - 31. What are the prime factors of q?
5
Suppose -5*x = -40 + 10. Suppose -6*d + 3*d = -x. What are the prime factors of d?
2
Suppose 3*a - k - 160 = 0, 4*a - 4*k = 3*a + 35. Let r = -18 - -23. Suppose r*l = 15 + a. List the prime factors of l.
2, 7
What are the prime factors of (-8)/12 + 150/9?
2
Let x(w) = -27*w. List the prime factors of x(-1).
3
Let g(v) = 3*v**2 + 2. Let n be g(-3). Suppose n = -4*i + 109. What are the prime factors of i?
2, 5
Let y(n) = -n**3 + 6*n**2 - 6*n + 4. Let m = 7 - 18. Let g = 15 + m. What are the prime factors of y(g)?
2, 3
Suppose z + 0 + 1 = 0. List the prime factors of (0 + z - 1) + 6.
2
Suppose 0 = -3*a - n + 7, -2*n = -3*a + 3 + 1. Suppose 2*z + b - 3*b = 32, -a*z - 3*b = -12. What are the prime factors of z?
2, 3
Let q(g) = 2*g**2 + 5*g + 2. Let z be q(-3). Suppose -o + 64 = -5*x, 2*o - z*x - 181 = -2*o. Let c = -28 + o. What are the prime factors of c?
11
Suppose -3*u + 2*u = -108. List the prime factors of u.
2, 3
Let u(v) = v**2 - 8*v - 11. List the prime factors of u(10).
3
Suppose -t = -4*q + 3*t + 20, 3*q = -2*t + 10. Suppose -q + 5 = -b, 2*b = -3*w - 38. List the prime factors of w/5*(-30)/9.
2
What are the prime factors of ((-8)/20)/1 + 714/10?
71
Suppose 4*i = 5*u - 2, -3*i + 2 = -4. Suppose b - 73 = -3*c, 7*b = -4*c + u*b + 90. What are the prime factors of c?
5
Let p(n) = 2*n + 14 - 3*n - 7. Suppose -4*x = -9*x. What are the prime factors of p(x)?
7
Let l = -4 + 6. Let i be (-1)/2*(l - 20). Suppose -4*x - 1 = -3*k, 3*k + 4*x - 8 = i. List the prime factors of k.
3
Let t(f) = -f**3 - 3*f**2 + f + 3. Let w be t(-3). Let v(h) = -h + h**3 - 4*h**2 + w*h - 5 + 4 - 3*h. List the prime factors of v(5).
2
Suppose 4*d + 0*d = 2*a + 18, 17 = -4*d - 5*a. Suppose i + 3*v = 9, -7*v = -d*v. List the prime factors of i.
3
List the prime factors of 4/(-2)*18/(-4).
3
Suppose 0*w - 4*j = 2*w - 24, -5*w + j + 49 = 0. Let h = w + -6. Suppose -h*c + 4*m + 64 = 0, 3*m = 4*c + m - 70. List the prime factors of c.
19
Suppose 3*c = k + 283, 3*c - 295 = -0*k + 4*k. What are the prime factors of c?
3, 31
Suppose 708 = o + 4*o - d, 5*d + 700 = 5*o. Suppose -5*n = -2*w - w - 238, -w - o = -3*n. List the prime factors of n.
47
Let k be ((-4)/6)/(4/66). Let y = k + 17. List the prime factors of y.
2, 3
Suppose -3*a = 7*a - 2500. List the prime factors of a.
2, 5
Let b be (-3)/3 + 25*2. Suppose -5*s = -w + b, 0*s + 43 = 2*w + s. What are the prime factors of w?
2, 3
Let q = -4 + 7. List the prime factors of q.
3
Let d(f) be the second derivative of -5*f**3/6 - 3*f**2/2 - 2*f. List the prime factors of d(-2).
7
Let p = 8 + -7. Let t = 9 - p. What are the prime factors of t?
2
Let q = -21 + 23. Suppose 28 = -t + q*t. List the prime factors of t.
2, 7
Let b(o) = -5*o + 2 + 6*o + 0*o. List the prime factors of b(12).
2, 7
Suppose -5*b = -0*b - 100. What are the prime factors of b?
2, 5
Let l = -97 + 174. List the prime factors of l.
7, 11
Let k be (14/(-35))/((-2)/20). Suppose a + 12 = k*a. Suppose -4*c = r - 30, -2 - a = -2*c + 4*r. List the prime factors of c.
7
Suppose -91 = -h - 3*q, 2*q = -0*h + h - 101. What are the prime factors of h?
97
Let w be -1 + ((-48)/3)/(-2). Let k = -5 + w. Suppose -k = -0*c + 2*c, -5*c = r - 14. What are the prime factors of r?
19
Let p = -8 - 25. Let r = -14 - p. List the prime factors of r.
19
Suppose -c + 12 = -2*a + 3*c, 0 = -3*a - 4*c + 12. Suppose a = -3*r + r + 20. List the prime factors of r.
2, 5
Suppose -u - 3*u = -88. List the prime factors of u.
2, 11
Let x = -261 + 471. List the prime factors of x.
2, 3, 5, 7
Suppose -6 = -3*m + 333. What are the prime factors of m?
113
Let k(i) = 72 + 28*i**3 + i**2 - i - 72. List the prime factors of k(1).
2, 7
Let s be (-4)/6 + 39/(-9). Let q = s + 8. List the prime factors of 20/q - (-1)/3.
7
Suppose -5 = -4*p + 5*f, -7 - 15 = -5*p + f. Suppose p - 2 = k. What are the prime factors of k?
3
Let s(b) = -b**2 + 9. Let f = -1 - -1. List the prime factors of s(f).
3
Let x = 51 - 19. List the prime factors of x.
2
Suppose 15*s - 302 - 4033 = 0. What are the prime factors of s?
17
Suppose 856 = 4*k + 244. List the prime factors of k.
3, 17
Let i = 195 - 97. What are the prime factors of 176/7 - 14/i?
5
Let x be 1/6*16*3. Suppose 2*g = 4*g - x. List the prime factors of g.
2
Suppose 77 = 3*m + 26. What are the prime factors of m?
17
Suppose -13*f + 673 = -770. What are the prime factors of f?
3, 37
Let i = 22 + -16. Suppose 3*x = x + i. What are the prime factors of x?
3
Let g(c) = 4*c**2 - 4*c. Let v = 8 + -1. Let z(i) 